r when y(6) is divided by j?
9
Let a(n) = 4*n**2 + 6*n + 6. What is the remainder when a(-4) is divided by 17?
12
Suppose -4*r - 4 = -3*t - 0*r, -t + 5*r - 6 = 0. Calculate the remainder when 82 is divided by ((-6)/t)/((-9)/168).
26
Suppose 2*s + 5*a = 4, 4*s - 5*a = -1 - 21. What is the remainder when 59 is divided by (1/s)/(5/(-300))?
19
Let i be ((-40)/24)/(2/(-6)). Suppose k - 34 = -5*a, -12 + 48 = 4*k - i*a. Suppose 0 = -3*u + 2*u + k. What is the remainder when u is divided by 6?
2
Let d(p) = -p**3 + 7*p**2 - p - 1. Suppose 3*s + 47 - 99 = -4*z, -3*z = -3*s + 24. What is the remainder when d(5) is divided by s?
8
Let z be (0 + 2)*(-5 + 6). Suppose t + z*p + 0 = 10, -2*p - 30 = -3*t. What is the remainder when (-3)/2*304/(-24) is divided by t?
9
Suppose 0 = 36*z - 4423 + 535. Calculate the remainder when 644 is divided by z.
104
Suppose -31 = -5*z + 4. Calculate the remainder when 90 is divided by z.
6
Let f = -224 - -244. Suppose 0 = 4*s - 2*a - 318, a - 5 = 2*a. Calculate the remainder when s is divided by f.
17
Suppose -27 = -2*m - 85. Let l = 33 + m. What is the remainder when 19 is divided by l?
3
Let d be (-2)/3 + ((-91)/3 - 0). Let c be 2/(2/(-15)) + 1. Let a = c - d. Calculate the remainder when 32 is divided by a.
15
What is the remainder when 89/7 + 4/14 is divided by (-5)/(-2)*(96/(-15) - -8)?
1
What is the remainder when (-3 - 16)/((-3)/9) is divided by 23?
11
Let d = -2 - -13. Suppose 0 = i + 8*i - 360. What is the remainder when i is divided by d?
7
What is the remainder when 72 is divided by (42/7 - 1)*4?
12
Let z(t) be the third derivative of t**5/30 - 7*t**4/24 + t**3/3 - 2*t**2. Let k = -434 - -440. What is the remainder when z(5) is divided by k?
5
Let n = 766 + -555. What is the remainder when n is divided by 72?
67
Let g = 1957 - 1922. Calculate the remainder when 1117 is divided by g.
32
Let s be 91/49 + (-1)/(-7). Suppose 0 = 3*o, 3*f + s*f - 60 = o. Let v = f + 28. Calculate the remainder when v is divided by 21.
19
Let u(t) = t**2 - 12. Let i be u(4). Suppose -31 = -6*b + 5*b - 2*d, 0 = -i*b - 3*d + 134. What is the remainder when b is divided by 14?
7
Suppose 0 = 2*q - 4, -15*c - 950 = -20*c - 5*q. What is the remainder when c is divided by 38?
36
Suppose 2*x + 20 = 7*x. Suppose -3*a - 5*q = -2*q - 675, 0 = -2*a + q + 450. Suppose k = -8*k + a. Calculate the remainder when k is divided by x.
1
Let m = 396 - -26. Calculate the remainder when m is divided by 25.
22
Suppose 23*r - 26*r + 36 = 0. Calculate the remainder when 729/36 + 9/r is divided by 8.
5
Let n = 1747 - 698. Calculate the remainder when n is divided by 39.
35
Let o(a) = -7*a**3 - a**2 - 1. Let i be (-1 - 5)*1/(-2). What is the remainder when o(-2) is divided by (-52)/((-7 + 1)/i)?
25
Let x(q) = -5*q**2 - 10*q + 1. Let f be x(-3). Calculate the remainder when 66 is divided by (14/2 + -3 - 5)*f.
10
Let g = 219 - -239. Calculate the remainder when g is divided by 32.
10
Suppose b + 36 = 7*b. Suppose -10*j = -b*j - 40. Let y(i) = 4*i**3 - 2*i**2 + 3*i - 2. What is the remainder when y(2) is divided by j?
8
Let m(o) = 111*o - 17. Let w(n) = 56*n - 9. Let j = 28 - 22. Let l(r) = j*m(r) - 11*w(r). What is the remainder when l(2) is divided by 25?
22
Let a(c) = c**2 - 3*c - 22. What is the remainder when 9 is divided by a(7)?
3
Suppose -5*l = -1616 + 501. Calculate the remainder when l is divided by 15.
13
Suppose 6*n - 65 = 37. Calculate the remainder when 101 is divided by n.
16
Suppose -4*x + 316 = -1336. What is the remainder when x is divided by 46?
45
Suppose 3*d = -42 + 27. What is the remainder when (-3)/((-6)/56) + 1 is divided by -8*d/(25/10)?
13
Let h = -1489 + 1567. What is the remainder when 280 is divided by h?
46
Suppose 2*x = -5*z + 197 + 234, 4*z + 876 = 4*x. What is the remainder when x is divided by 102?
14
Suppose 0 = 5*x + 4*j + 15, -x + 3*j + 20 = -6*x. What is the remainder when 41 is divided by x/((-5)/(9 + -4))?
6
Suppose -u + 2*k + 13 = 0, 6 = -3*u - 4*k + 55. What is the remainder when 23 is divided by u?
8
What is the remainder when ((-1 + -3)/2)/(3/(-123)) is divided by (-8)/(-16) + (-86)/(-4)?
16
Let q = -12 + 17. Let m = -6 + 11. Suppose -2*n + 14 = m*z - 29, z - 8 = -n. Calculate the remainder when z is divided by q.
4
Suppose -k + 22 - 27 = 0, -3*o + 2*k = -28. What is the remainder when 617 is divided by o?
5
Suppose 5*b + m + 5 = 0, -2*b - 3*m + 5 = 20. Suppose b*s + 13 = z - 2*s, -z + 19 = -4*s. Suppose 0 = -q + 16 - 4. What is the remainder when q is divided by z?
5
Let n(w) = w**3 + 6*w**2 + 2*w + 4. Suppose 84 = 37*s - 30*s. Calculate the remainder when n(-5) is divided by s.
7
Let t(v) = -v**3 - 3*v**2 + 4*v + 2. Let w be t(-4). Suppose -w*j + 297 = 85. Let s = j + -59. What is the remainder when s is divided by 16?
15
Suppose 2*w + 39 = 3*a - 0*w, 43 = 5*a + 4*w. Calculate the remainder when 74 is divided by a.
8
Suppose 190 = s + d, 15*s - 3*d = 14*s + 186. Calculate the remainder when s is divided by 5.
4
Let n(p) be the second derivative of p**4/6 + p**3 + p**2 - 5*p. Suppose -2*i + 0*i = -2. Calculate the remainder when n(-3) is divided by i.
0
Let a = 25 + -12. Let q(d) = 2*d + 4. Let j be q(10). Suppose 0*y + y = j. What is the remainder when y is divided by a?
11
Let n(f) = 0 - f + 0*f + 5 - 4. Calculate the remainder when 5 is divided by n(-2).
2
Let q be 24/(-36) - (-70)/6. Let l = 4 + q. Calculate the remainder when 58 is divided by l.
13
Suppose -3*i = 2*u - 78, 4*i = 2*u + 6*i - 76. What is the remainder when 284 is divided by u?
32
Suppose 12 = 3*a, -2*x + 447 - 139 = 2*a. What is the remainder when 463 is divided by x?
13
Let f = 2438 - 1586. What is the remainder when f is divided by 15?
12
Let o(x) = 5*x**3 + 1. Let u(r) = 10*r**3 - 2*r**2 + 3*r + 8. Let n be u(-3). Calculate the remainder when (n/(-68))/(1/4) is divided by o(1).
5
Suppose -16*a + 532 = 3*a. Calculate the remainder when 90 is divided by a.
6
Let v = -62 + 83. What is the remainder when 101 is divided by v?
17
Let n(i) = i**3 + 12*i**2 + 10*i - 2. Let k be n(-11). Calculate the remainder when 14 is divided by ((-12)/(-12))/(1/k).
5
Calculate the remainder when 9571/85 - (-2)/5 is divided by 26.
9
Suppose f - 24 - 3 = 0. Suppose -3*x + 3*g = -45, 4*x = 5*g - f + 92. Suppose 62*t = 74*t - 204. What is the remainder when t is divided by x?
7
Let g be (-1 - 1)*-2*1. Suppose -5*p = -3*m + 13, -g*m + 0*m + 5*p + 24 = 0. Calculate the remainder when (-198)/(-10) + (-2)/(-10) is divided by m.
9
Let l(h) = h**2 + h + 1. Let v(s) = -s**2 - 6*s - 2. Let m be v(-6). Let z be l(m). What is the remainder when 29 is divided by 7 + -2*z/(-6)?
5
Let t = 2571 - 2536. Calculate the remainder when t is divided by 10.
5
Suppose 0 = -v - 0*v - 5*u + 13, -2*v - 4*u = -14. Suppose -45 = -5*g - v*z, 4*g + 2*z - 9 = 5*z. What is the remainder when 9 is divided by g?
3
Suppose 21*d - 5*y + 1067 = 24*d, 4*d + 2*y - 1446 = 0. Calculate the remainder when d is divided by 73.
72
Let v(w) = w**3 + 11*w**2 - 16*w - 138. What is the remainder when 42 is divided by v(-11)?
4
Suppose 0 = -63*u + 26*u + 222. Suppose -3*b = b - 68. Calculate the remainder when b is divided by u.
5
Suppose 2*w = -o + 18, 4*o - 69 - 23 = -3*w. What is the remainder when 155 is divided by o?
25
Let u = 10 + 26. What is the remainder when 107 is divided by u?
35
Let p(c) = -c**2 + 19*c + 47. Let m be p(24). Let g = m + 107. Calculate the remainder when g is divided by 4.
2
Let l(z) = -z**3 + 3*z**2 + 9*z - 19. Calculate the remainder when 1141 is divided by l(3).
5
Let y = -2 - -4. Suppose -2*n + 0*n + 6 = y*l, -2*n + 3*l - 9 = 0. Suppose -5*g + 4 + 1 = n. What is the remainder when 3 is divided by g?
0
Suppose 5*g = 3*n - 157, -g - 4 = g. What is the remainder when 341 is divided by n?
47
Suppose 11*i - 204 = 16. Let d = -1 + 6. Suppose g = 2 + d. Calculate the remainder when i is divided by g.
6
Let i(y) = -y**3 + 8*y**2 - 7*y + 9. Let n be i(7). Suppose 71 - 17 = n*b. Let o(d) = 6*d - 1. What is the remainder when o(4) is divided by b?
5
Calculate the remainder when 160 is divided by 25/(-20) + 847/44.
16
Suppose -29 = -5*r - 79. Let w(v) = -v**2 - 15*v - 11. Let u be w(r). Let k = -22 + u. Calculate the remainder when 64 is divided by k.
13
Suppose -4*o = -3*o + 4*b - 7, 0 = 5*o - 4*b